{"id":3,"date":"2006-10-31T10:23:14","date_gmt":"2006-10-31T09:23:14","guid":{"rendered":"http:\/\/klimpern.musikerprogramme.de\/?page_id=3"},"modified":"2006-10-31T12:59:45","modified_gmt":"2006-10-31T11:59:45","slug":"programme","status":"publish","type":"page","link":"http:\/\/klimpern.musikerprogramme.de\/?page_id=3","title":{"rendered":"Programme"},"content":{"rendered":"<p>N\u00e4here Angaben \u00fcber Programme und Autor finden sich unter: http:\/\/www.musikerprogramme.de<\/p>\n<p>Im Musiktrainer, den man sich hier  unter &#8218;Downloads&#8216; herunterladen kann, lassen sich \u00dcbungen zur Geh\u00f6rbildung (Intervalle, Akkorde, Cluster, Intonation usw.) machen. Durch den neuen Men\u00fcpunkt &#8218;Klimperecke&#8216; lassen sich nun auch \u00fcber Maus oder Tastatur Melodien aufnehmen, und dann (in Zahlen codiert) in diesem Blog ver\u00f6ffentlichen. Dadurch kann beispielsweise ein Sch\u00fcler Melodien und Rhythmen als Hausaufgabe einspielen, und durch den Lehrer via Internet kontrollieren lassen.<\/p>\n","protected":false},"excerpt":{"rendered":"<p>N\u00e4here Angaben \u00fcber Programme und Autor finden sich unter: http:\/\/www.musikerprogramme.de Im Musiktrainer, den man sich hier unter &#8218;Downloads&#8216; herunterladen kann, lassen sich \u00dcbungen zur Geh\u00f6rbildung (Intervalle, Akkorde, Cluster, Intonation usw.) machen. Durch den neuen Men\u00fcpunkt &#8218;Klimperecke&#8216; lassen sich nun auch &hellip; <a class=\"more-link\" href=\"http:\/\/klimpern.musikerprogramme.de\/?page_id=3\">Weiterlesen <span class=\"meta-nav\">&rarr;<\/span><\/a><\/p>\n","protected":false},"author":1,"featured_media":0,"parent":0,"menu_order":0,"comment_status":"open","ping_status":"open","template":"","meta":{"footnotes":""},"class_list":["post-3","page","type-page","status-publish","hentry"],"_links":{"self":[{"href":"http:\/\/klimpern.musikerprogramme.de\/index.php?rest_route=\/wp\/v2\/pages\/3","targetHints":{"allow":["GET"]}}],"collection":[{"href":"http:\/\/klimpern.musikerprogramme.de\/index.php?rest_route=\/wp\/v2\/pages"}],"about":[{"href":"http:\/\/klimpern.musikerprogramme.de\/index.php?rest_route=\/wp\/v2\/types\/page"}],"author":[{"embeddable":true,"href":"http:\/\/klimpern.musikerprogramme.de\/index.php?rest_route=\/wp\/v2\/users\/1"}],"replies":[{"embeddable":true,"href":"http:\/\/klimpern.musikerprogramme.de\/index.php?rest_route=%2Fwp%2Fv2%2Fcomments&post=3"}],"version-history":[{"count":0,"href":"http:\/\/klimpern.musikerprogramme.de\/index.php?rest_route=\/wp\/v2\/pages\/3\/revisions"}],"wp:attachment":[{"href":"http:\/\/klimpern.musikerprogramme.de\/index.php?rest_route=%2Fwp%2Fv2%2Fmedia&parent=3"}],"curies":[{"name":"wp","href":"https:\/\/api.w.org\/{rel}","templated":true}]}}